 (-2628)/(-7) - (-63)/(-147)?
5
Suppose z = -2*z - 4*o + 1334, -z + 436 = -3*o. Let h = z - 298. What is the tens digit of h?
4
Let y = -32 - -21. Let i(t) = 5*t + 5. Let u(x) = 9*x + 9. Let a(w) = y*i(w) + 6*u(w). What is the units digit of a(-3)?
2
Suppose 3*d - 1880 = 5*d. What is the units digit of -5*(-6)/(-135) + d/(-18)?
2
Let r be 1 + 1 + (-2 - 14). Let d = r + 16. Suppose 0 = d*i + 2*i - 4*q - 156, q = 4*i - 141. What is the units digit of i?
4
Let o be 23 + 3/(0 - -3). Let l = 10 + -23. Let d = l + o. What is the units digit of d?
1
Suppose 0 = -4*t + 3*k - 43, 6*k - k - 60 = 5*t. Let h(u) = -u**3 - 5*u**2 + 6*u + 6. What is the tens digit of h(t)?
6
Let b = -100 - -103. Let y(w) = 27*w**2 + 4*w - 3. What is the hundreds digit of y(b)?
2
Let r be 0 - -11 - (2 + 2). Suppose 0 = r*h - 0*h - 119. What is the tens digit of h?
1
Let b = 52 - 33. Suppose 5*c - 2*w + b = 50, -6 = 2*w. Suppose -c*u = -2*u - 36. What is the units digit of u?
2
Let o be 2/(-3)*(4/(-8) - 1). Let a = 15 + o. What is the tens digit of a?
1
Suppose 2*z = 2*p - 0*p - 10, 0 = -z - 3*p + 11. Let w be (z - 0 - 1) + 2. Suppose w*i + 18 = 3*i. What is the units digit of i?
6
Let p be (63/28)/(2/128). What is the units digit of 1/8 + 6750/p?
7
Let i(u) = u**3 + 8*u**2 + 8*u. Let q be i(-6). Suppose q*y = 27*y - 159. What is the units digit of y?
3
Let b = 712 + -351. What is the tens digit of b?
6
What is the tens digit of (-1 - -5)/(36/9657)?
7
Let b(i) be the first derivative of 3*i**2/2 + 7*i + 9. Let s = -6 - -12. What is the tens digit of b(s)?
2
What is the tens digit of -794*(11 + -7 - 5)?
9
Let j(v) = 39*v - 5. Let r(y) = -26*y + 3. Let u(o) = -5*j(o) - 7*r(o). Let a be u(-2). What is the units digit of ((-4)/6)/((-2)/a)?
0
Let t = 126 - 124. What is the units digit of t?
2
What is the tens digit of (1196/6)/(9/108)?
9
Suppose -3*f + 6 = 12. Let o = 6 + f. What is the units digit of 0 + 1 - o - -10?
7
Let o = 669 + -421. What is the tens digit of o/(-24)*(0 - 6)?
6
Let u be ((-32)/(-6))/((-2)/(-3)). Let h = u - 3. Suppose v = -3, -h*s - v - 10 = 4*v. What is the units digit of s?
1
Suppose -o + 9 = 5*v - 8, -31 = -4*v + 5*o. Suppose 0 = -v*p + p - 486. What is the units digit of p/(-30) + 3/5?
6
Let j = 62 - -239. Let x = 526 - j. What is the tens digit of x?
2
Suppose -5*m + 5*w - 55 = 0, 2*m + 3*w = -m - 33. Let b = m - -14. Suppose 18 = g - b*v, -3*g - v = v - 10. What is the units digit of g?
6
Let f be (212/(-6))/(8/84). Let w = f + 526. Suppose -104 + 30 = -2*a - 4*k, -4*a - k + w = 0. What is the units digit of a?
9
Suppose -3*r + 1828 = 5*k, -731 = -39*k + 37*k - r. What is the tens digit of k?
6
Suppose x + 4*m - 1252 = 0, 6*x - 4*x = m + 2459. Suppose -x = y - 9*y. What is the hundreds digit of y?
1
Suppose 4*x - 6509 = -3*f, f - 4332 = -f + x. What is the units digit of f?
7
Let z be (7/(-7))/(-1 + (-10)/(-12)). Let f(s) = s**2 - 3*s**2 + 1 + 3*s**2 - 4*s. What is the units digit of f(z)?
3
Suppose 4*i - 16 = u, -i = 4*i - 3*u - 13. Let a(k) = 57*k + 16. What is the units digit of a(i)?
1
Let y(h) = -2*h**3 + 4*h**2 - 2*h - 3. Let p be y(3). Let b = -23 - p. Suppose 5*i - 144 - 46 = z, 3*i + b*z - 114 = 0. What is the tens digit of i?
3
Suppose -5*v - 3*n + 0*n = -13, -3*v - n = -7. Suppose 4*w - 1075 + 85 = -2*k, -510 = -v*w + 4*k. What is the hundreds digit of w?
2
Let k(c) = c**2 + c - 5. Let x be k(-4). Suppose 3*g + 3*h = 96, 3*g - 5*h = x*g - 128. What is the tens digit of g?
3
Let s = 3 + 2. Suppose -379 = s*k - 919. What is the units digit of k?
8
Suppose 0 = -2*p + 2*n + 14, p + 4*p = 4*n + 33. Suppose -7*j + 2412 = p*j. What is the hundreds digit of j?
2
Let p(j) = -j**2 + 7*j - 6. Let w be p(5). Suppose -4*v = w*x - 324, -v + 8*x + 73 = 5*x. What is the tens digit of v?
7
Let k(a) = a**2 + 6*a. Let j be k(-6). Suppose j*g - 5*g = 245. Let p = -33 - g. What is the tens digit of p?
1
Suppose g + 1154 = 5*u - 3722, -u - g + 980 = 0. What is the hundreds digit of u?
9
Let m(z) = z**3 + 11*z**2 - z + 2. Let a be m(-11). Suppose -a - 8 = g. What is the units digit of 14/g - (-46)/6?
7
Let x = 32 + -24. Suppose 30 = x*c - 3*c. What is the units digit of c?
6
Let t be 8/44 - 328/(-11). Suppose -26*o + t*o = 160. What is the tens digit of o?
4
Let s = 4 + -15. Let t = 55 - s. What is the tens digit of t?
6
Suppose 0 = -g + f + 276, f + 97 - 941 = -3*g. Let m = g + -107. What is the hundreds digit of m?
1
Let o(u) = 2*u**2 + 27*u - 69. What is the tens digit of o(-16)?
1
Suppose 18 = 10*g - g. Suppose -3*r + 206 = -r - g*v, -3*r - 4*v = -288. What is the tens digit of r?
0
Suppose 2*w + o - 41 = 0, 6*w - 3*w = -2*o + 59. Let g = w + -25. What is the tens digit of ((-2)/6)/(g/156)?
2
Let d(h) = -h**3 - h**2 - h. Let a(i) = -3*i**3 - 11*i**2 - 4*i + 2. Let p(v) = -a(v) + 2*d(v). What is the tens digit of p(-6)?
9
Let a(q) = 66*q**3 - q**2 + 1. Let k(w) = 2*w**2 - 5*w + 3. Let z be k(2). What is the tens digit of a(z)?
6
Let s(v) = -34*v**3 + 3*v**2 - v + 1. What is the hundreds digit of s(-2)?
2
Let i be (-2 - 33/(-12))*4. Suppose 0 = i*p - 1 - 5. What is the tens digit of (-2)/(p*2/(-26))?
1
Suppose -6*m + 2*m + 92 = -2*n, 0 = 2*m + 2*n - 34. Suppose 9*x - m = 6. What is the units digit of x?
3
Suppose 14 = -3*y + 5*g, 2*g + 0*g = 2*y + 4. Suppose -64 = y*s + 3*n - 215, -25 = -5*n. What is the units digit of s?
8
Let s be (-2)/3 + (-1281)/63. Let l = 19 + s. What is the tens digit of 10/(-1)*2/l?
1
Let i(a) = -266*a + 1936. What is the units digit of i(6)?
0
Let w be 1*3/6*-42. Let p(u) = u**3 + u**2 - u + 1. Let m be p(-2). Let i = m - w. What is the tens digit of i?
2
Suppose -28*a = -29*a + 822. What is the units digit of a?
2
Let c(z) = z. Let g be c(3). Suppose 2 = -g*w + 5. Let d(x) = 25*x**3 + 2*x**2 - x. What is the tens digit of d(w)?
2
Let g(l) = -24*l + 73. What is the units digit of g(-10)?
3
Suppose 0 = t - 4*u - 0 - 3, 4*u = 0. Suppose t*g - 29 = -4*s + 121, -196 = -4*g - 4*s. Suppose -g = -5*x + 49. What is the units digit of x?
9
Suppose 0 = -13*r + r + 27060. What is the tens digit of r?
5
Let u(k) = 3*k**2 + 3*k - 3. Suppose 0 = 11*f - 13*f + 16. Suppose 9*j + f = 7*j. What is the tens digit of u(j)?
3
Let f(h) = 3*h**3 - 10*h**2 + 6*h + 14. What is the hundreds digit of f(6)?
3
Suppose -z - 3*m + 4*m = -333, 2*z = 3*m + 662. Suppose 5*r - 173 - z = 0. Suppose -10*h + r = -8*h. What is the units digit of h?
1
Let w(x) = -2*x**2 - 4*x + 2. Let y be w(-3). What is the units digit of (30/20)/(-1 - 6/y)?
3
Suppose -2*z = -4*k - 22, 7 + 8 = z - 3*k. Let h(d) = 1 - d - 2*d**2 + z*d**2 - 3. What is the tens digit of h(-6)?
4
Suppose -2*q - 9 = -6*q + h, 0 = 2*q - h - 3. Suppose -y = -q + 2. Suppose y = -5*z + 46. What is the units digit of z?
9
Let b(g) be the third derivative of 1/30*g**5 - 3/2*g**3 - 2*g**2 + 0 + 3/8*g**4 + 0*g. What is the tens digit of b(-7)?
2
Suppose z - 108 = -3*z. Suppose -3*c + 48 = z. What is the units digit of c?
7
Suppose 0 = -2*x - 35 - 225. Let j = 186 + x. Suppose -262 = -6*y + j. What is the tens digit of y?
5
Suppose 2*w = 5*r + 4*w - 19, 5*w = 3*r - 30. Suppose 410 - 1685 = -5*i - 4*x, 0 = r*i - 4*x - 1315. What is the tens digit of i?
5
Suppose -6*f + 2*f - 5*o = -4310, 5*f = 5*o + 5365. What is the thousands digit of f?
1
What is the tens digit of ((-4558)/424)/(((-1)/(-4))/(-1))?
4
Let g = 40 - 32. Let q = 51 - g. What is the units digit of q?
3
What is the units digit of 3 + (238 - (1 - 4))?
4
Let j(c) be the third derivative of c**6/40 + c**5/15 + c**3/3 - 41*c**2. What is the hundreds digit of j(4)?
2
Let r = 27 - -605. What is the units digit of r?
2
Let c(x) = -x + 7. Let a be c(3). Suppose -a*w = 64 - 288. Suppose -v + 5*h + w = 0, 0 = -4*v + 5*h + 207 - 28. What is the tens digit of v?
4
Let w(l) be the third derivative of l**5/20 - l**4/2 + 11*l**3/6 + 22*l**2. What is the units digit of w(9)?
6
Let i = 3335 + -1147. What is the units digit of i?
8
Let a = 257 + -27. What is the hundreds digit of a?
2
What is the hundreds digit of (-1*6)/((-168)/12152)?
4
Let m = -18 + 10. Let b = m + -21. Let l = -18 - b. What is the tens digit of l?
1
Suppose -2*t = -5*h - 238 - 422, 4*h = 8. What is the units digit of t?
5
Suppose 0 = 20*w - 15291 - 17629. What is the units digit of w?
6
Let p = 1890 - 14